 z be ((-34)/119)/((-1)/14). Suppose -1 = h, -2*r - h = -z*r + 5159. Is r a prime number?
True
Let j = -4 - -8. Let m be (-1)/j - (-65)/20. Suppose -4*f + 3*g + 411 = -641, 789 = m*f + 5*g. Is f composite?
False
Let f = 3321058 - 2247381. Is f prime?
False
Let y(m) be the second derivative of 13*m**4/4 + 13*m**3/6 - 58*m**2 - 235*m. Is y(6) prime?
False
Let t(u) = 2*u**2 + 9*u - 11. Let q be t(-6). Let x = 8 - q. Is (-28)/7 + 759*x composite?
True
Let x(g) = -10244*g - 2359. Is x(-73) prime?
False
Let i = 28437 + -14990. Suppose l = 4*y - 10998, 4*y - i = -5*l - 2461. Is y a prime number?
True
Let r = -65406 + 318323. Is r a prime number?
False
Let j = 125927 - 39528. Is j a prime number?
True
Suppose -271396 + 1525517 = 11*c. Is c prime?
False
Let i(a) = -6*a - 45. Let m be i(-8). Suppose -9461 = -2*k - 3*j, 3*j + 1361 - 15557 = -m*k. Is k composite?
True
Suppose 4*r + 168 = 11*r. Suppose r*q - 4512 = -8*q. Is q a prime number?
False
Is (-1 + -2 + 2)/(((-54)/(-75003))/(-18)) a composite number?
True
Let r(x) = 108*x**3 + 11*x**2 + 55*x - 5. Is r(10) prime?
False
Let w = -221 + 197. Is (-21)/w - 1 - 59225/(-8) a prime number?
False
Let m(b) = -62 + 328*b + 30 + 31. Is m(2) prime?
False
Suppose h - 2*h = g - 45658, -g = -2*h + 91331. Suppose -282*t = -285*t + h. Is t a prime number?
False
Suppose -u = -2*i + 122002, -u = -72*i + 67*i + 305005. Is i composite?
False
Is (17 - 15) + ((-8)/(-4) - -2185) a prime number?
False
Suppose v - 10*k = -14*k + 5127, 5*k + 5091 = v. Is v prime?
False
Let g be 42259/63 + -8 + (-2)/(-9). Suppose 5*i = 3*a + 1125, 3*a + 1506 = -3*i + 405. Let m = g + a. Is m a prime number?
True
Suppose 16*a = 182738 + 1091774. Is a prime?
True
Let b = -307611 - -176071. Is (1 - 24/15) + b/(-25) prime?
True
Is 8511 + -2 + (-4)/(-3)*-6 prime?
True
Let b(x) = 545*x**2 + 44*x - 481. Is b(14) a composite number?
True
Is (-80026174)/(-289) + 21/(-119) a prime number?
True
Let h(r) = 28*r + 119. Let a be h(20). Let m = a + 34. Is m a composite number?
True
Suppose 0 = v, -24393 = -5*d - 4*v - 0*v + 47402. Is d composite?
True
Let y = 73 - 15. Suppose -30*t - 15064 = -y*t. Is t a prime number?
False
Suppose -24060 = -3*m - 4275. Let z = -3554 + m. Is z composite?
False
Let r(v) = 337051*v + 11212. Is r(7) a prime number?
True
Suppose -37 + 54 = -v. Is -1*3 - v/((-51)/(-30522)) prime?
False
Suppose 3*w = -3*q + 118002, 4*q = 56*w - 52*w + 157296. Is q a prime number?
False
Let l be (-1 + 10)*-1*-1. Let h be -2*5/((-30)/l). Suppose 5*g - 4*z - 765 = 0, -h*z = g - 2*g + 164. Is g prime?
True
Let i(t) = -t**3 - 13*t**2 - 13*t + 12. Let b be i(-12). Let r = 130 - b. Is r prime?
False
Let v be (2/(-6))/(3/17559). Let o(r) = 3*r**3 - 48*r**2 + 30. Let c be o(16). Is v/(-5) + 24/c prime?
False
Suppose -2167 = -6*y + 7979. Suppose 4*b + 8457 = 5*m - 0*b, y = m - b. Is m prime?
True
Is 272846 + -3 + 1 + -5*(-126)/(-90) prime?
False
Suppose 0 = b - 9*r + 14*r - 23964, 2*r = 5*b - 119847. Is b a prime number?
False
Let h = 60861 - 19480. Is h a composite number?
False
Suppose 3*m - 142 = -3199. Let s = m + 1786. Let d = -469 + s. Is d composite?
True
Let p(s) = s**3 - 31*s**2 - 31*s - 30. Let z be p(32). Suppose z*x - 6*x + 20308 = 0. Is x composite?
False
Suppose -c = 3*u - 34542, 14*u - 16*u + 23028 = -5*c. Let p = 35255 - u. Is p prime?
True
Let o(l) = 839*l**3 - 19*l**2 + 42*l + 5. Is o(3) a prime number?
True
Is 419 - 12*(5/2 - 2) composite?
True
Let w(g) = -113034*g + 9133. Is w(-9) prime?
True
Suppose -2*y - 73752 = 85791 - 823469. Is y composite?
True
Suppose -2029*a + 2034*a - 387082 = -3*v, -4*a - 2*v = -309666. Is a prime?
True
Suppose -10*x + 7*x + 74207 = -4*t, -2 = -2*t. Is x a composite number?
True
Let x(r) = 48*r + 39. Let l(k) = -49*k - 40. Let w(f) = -4*l(f) - 5*x(f). Is w(-11) prime?
True
Suppose f - 284 = 275. Suppose 0 = 3*k - 3190 + f. Suppose 4*g - k - 391 = 0. Is g a composite number?
False
Let o(f) = -f**2 + 106*f + 18. Suppose 2*z - 2 = 2, 5*y = -z + 177. Is o(y) a prime number?
True
Suppose -93 = 9*g - 111. Suppose 6 = g*j, -4*i - 2*j + 1386 = -296. Is i a prime number?
True
Let g be -4 + 0 - 4/((-8)/(-22)). Let k = 161 - -143. Let i = k + g. Is i a prime number?
False
Let w(f) = -30*f**2 + 3*f + 4. Let v be w(-3). Let h(o) = 10*o**2 + 109*o - 26. Let r be h(-18). Let p = r + v. Is p composite?
False
Suppose -2*l = -2*x - 278974, 43899 = 4*l + 2*x - 514013. Is l prime?
False
Suppose 7*y = 2*y - 5*g + 100, 2*g = -3*y + 56. Let z(v) = v**2 + 23*v - 2. Is z(y) prime?
False
Let x be 1/3 - 493490/(-30). Suppose 82232 = 2*c + 3*c - 2*r, c - x = 4*r. Suppose c + 1743 = 9*l. Is l prime?
False
Let u = 23903 - 14730. Is u a prime number?
True
Suppose -261353 - 421087 = -12*z. Suppose -27*n + z = -6121. Is n prime?
True
Let f = 127 - 124. Is (-999)/12*-6 + f/2 composite?
True
Is 6 + -11 + ((-20748)/10)/(1/(-110)) a composite number?
False
Let f = 8273 - 3882. Suppose 418 = 7*a - f. Is a a composite number?
True
Let s(c) = 9742*c - 117. Let q be s(2). Let l = 32368 - q. Is l a composite number?
False
Is 15*21/210*(-1875602)/(-3) composite?
False
Let n(c) = -94*c**3 + 8*c**2 + c - 48. Is n(-17) prime?
True
Let y(f) be the second derivative of -23*f**7/840 - f**6/90 + f**4/24 + 8*f**3/3 + 18*f. Let p(b) be the second derivative of y(b). Is p(-4) composite?
False
Let j = -13 - -41. Is 4*2/j + 39164/28 a composite number?
False
Is -7 - (3945664/(-2))/16 composite?
True
Suppose -3*y = 2*d - 134715 - 319782, -5*y = 3*d - 757492. Is y a composite number?
True
Suppose 4*u - 5*m = 86 - 498, u - m = -104. Let g = 108 + u. Suppose -4837 = -5*l - 4*i, g*i + 2*i = -l + 971. Is l a composite number?
True
Let y(r) = 155*r**2 + 9*r + 2295. Is y(-56) composite?
True
Suppose 2*h + 2*j = 398475 - 86479, 3*h + 4*j - 467999 = 0. Is h a composite number?
True
Let f(z) = -3769*z - 448. Is f(-5) composite?
False
Let q(g) = 85*g + 7. Let z be q(1). Let h = -98 + z. Is (902 - -2) + 18/h composite?
True
Suppose 66*t = -16*t - 29*t + 16293579. Is t composite?
True
Let p(z) be the third derivative of -z**6/120 + z**5/15 - z**4/24 + 2*z**3/3 - 11*z**2. Let s be p(4). Suppose 10*i - 564 - 6226 = s. Is i prime?
False
Suppose 920 = g + 3*d, -g + d - 145 = -1065. Suppose 4*l + 4*o = 768, -l - 3*o = -6*l + g. Is l a composite number?
True
Let j = -2521 + 4056. Suppose 0 = 6*t - j - 3907. Is t a composite number?
False
Let o be (-22)/(-33) + (-31208)/(-6) + 2. Suppose 0 = -5*w - 659 + o. Suppose -3*n + 744 + w = 0. Is n a prime number?
False
Let h(w) = 5*w - 13. Let b be h(4). Let z = b + -5. Suppose t = -6*q + 4*q + 880, 5*q - z*t - 2191 = 0. Is q composite?
False
Let c = 39948 + -2263. Is c a prime number?
False
Let t(h) = 1139*h + 24. Let w = -180 + 181. Is t(w) a prime number?
True
Is -8 + 1678094/176 + (1 - 5/8) prime?
False
Suppose -6*v + 3*o + 421488 = -3*v, 0 = -3*o. Suppose -5*b = -21*b + v. Is b a prime number?
False
Suppose 235*r - 244*r = -77814. Let y = r - 4288. Is y a composite number?
True
Let n(i) = i**2 - 1 - 1 - 3*i - 14 - 4*i. Let r be n(9). Suppose 4*u - 5*d - 442 = 0, 2*u - r*d = -3*u + 561. Is u a prime number?
True
Let m be (-83176)/(-12)*(-12)/(-8). Suppose 0 = -9*z + m + 8548. Is z a prime number?
False
Let a(c) = -1 + 6*c + 11*c**2 + c**3 + 6 + 5*c. Let t be a(-10). Is (-1)/(-5) + (-4724)/t + -2 composite?
True
Let f(j) = -2*j - 20. Let k be f(-10). Suppose -5*y - 10 + 65 = k. Suppose y*d - 1743 = 8*d. Is d prime?
False
Let r(d) = -d + 29. Let u be (56/26 - 2) + 622/13. Let h = 54 - u. Is r(h) a composite number?
False
Let s(h) be the first derivative of 91*h**4/24 - h**3 + 19*h**2/2 - 11. Let v(n) be the second derivative of s(n). Is v(7) prime?
True
Let r be ((-2)/4)/((-2)/452). Suppose 5*v = 123 - r. Suppose 3*x = 4*y + 6311, 1682 + 2527 = v*x - y. Is x a composite number?
True
Suppose z - 3*w = 743150, -17*w + 2972736 = 4*z - 12*w. Is z a prime number?
False
Suppose x = -0 + 3, p = -x + 18. Let c be (459/p)/((-2)/(-30)). Let u = c - -518. Is u a composite number?
False
Let t(w) be the second derivative of -w**8/3360 - w**7/315 + w**6/120 - 13*w**5/120 - 5*w**4/12 + 7*w. Let v(o) be the third derivative of t(o). Is v(-9) prime?
True
Suppose -3*s = -3*d + 2211081 - 7310436, 5*s = 3*d + 8498917. Is s prime?
True
Suppose -10*h = -35*h